ite number?
True
Is 2215029107 a composite number?
False
Is 6725571953 composite?
False
Is 740031602 composite?
True
Is 179316339383 composite?
False
Is 6463607147 prime?
True
Is 31156601521 prime?
False
Is 2640243163 a composite number?
True
Is 306225303 a composite number?
True
Is 206878391 a composite number?
False
Is 2018880593 a composite number?
True
Is 3235495609 prime?
True
Is 9352238479 prime?
True
Is 1368581111 composite?
False
Is 22844722133 prime?
True
Is 29453483 prime?
True
Is 32714464007 composite?
True
Is 13933056581 a prime number?
True
Is 30932964235 a composite number?
True
Is 273683563 a prime number?
False
Is 127880359 a composite number?
True
Is 3741698027 composite?
True
Is 109489059373 a composite number?
False
Is 4270500791 a composite number?
False
Is 16424181583 a prime number?
True
Is 5050431023 a composite number?
True
Is 1184120701 a composite number?
False
Is 1581579497 a composite number?
False
Is 733192883 composite?
False
Is 19129852597 prime?
False
Is 1055706133 a prime number?
False
Is 618586517 a composite number?
True
Is 33306067 prime?
True
Is 865619899 prime?
True
Is 1873880279 a composite number?
True
Is 3608526965 a composite number?
True
Is 389734519 prime?
True
Is 23901835919 composite?
True
Is 742767899 a prime number?
False
Is 8543468159 composite?
False
Is 39961208459 prime?
True
Is 11028909389 a composite number?
False
Is 5491353563 prime?
True
Is 70673026819 composite?
False
Is 3742633093 a composite number?
False
Is 2151503545 a prime number?
False
Is 16797501403 a prime number?
False
Is 106846028123 prime?
True
Is 5890647599 a composite number?
True
Is 2771750843 prime?
True
Is 32380679 composite?
False
Is 2080810621 composite?
True
Is 4202931949 composite?
False
Is 28138848737 a prime number?
True
Is 696033341 composite?
False
Is 838480261 a composite number?
False
Is 721391045 a prime number?
False
Is 189951728521 a composite number?
False
Is 4155150101 a prime number?
True
Is 472120721 a prime number?
False
Is 54433538839 a composite number?
False
Is 41754311789 a composite number?
False
Is 7820434543 a composite number?
False
Is 2738094235 prime?
False
Is 18424759 prime?
False
Is 922588289 composite?
True
Is 78354449 composite?
False
Is 484620797 a composite number?
True
Is 168875951 prime?
False
Is 614511613 composite?
False
Is 8922512213 prime?
True
Is 1690654117 a composite number?
True
Is 14576405093 composite?
False
Is 47077671694 a composite number?
True
Is 17006087767 a composite number?
False
Is 832281187 a composite number?
True
Is 174648556603 composite?
False
Is 4422190231 composite?
False
Is 3150242593 composite?
False
Is 108579358813 a prime number?
True
Is 311798453 a prime number?
True
Is 223570301 a prime number?
False
Is 1093340939 prime?
True
Is 1634821081 a prime number?
True
Is 9612526619 a composite number?
False
Is 86144577 composite?
True
Is 12387989753 composite?
False
Is 2807821799 a composite number?
False
Is 228720683801 a prime number?
True
Is 11220379 a composite number?
False
Is 1053316837 a prime number?
True
Is 5652803419 prime?
False
Is 456803653 composite?
False
Is 909754577 a prime number?
True
Is 15694504723 prime?
True
Is 970823407 composite?
False
Is 4254162037 a composite number?
False
Is 8871051445 a prime number?
False
Is 62775053899 composite?
True
Is 2762011393 a prime number?
True
Is 3086672051 a composite number?
True
Is 10334952629 prime?
True
Is 96469524199 prime?
True
Is 18609935009 prime?
False
Is 6163535843 composite?
False
Is 5966252057 prime?
True
Is 1689799933 a prime number?
True
Is 268843283 composite?
False
Is 1084219649 prime?
False
Is 1305781363 a composite number?
False
Is 5609227 composite?
True
Is 118231883431 a prime number?
True
Is 15735795829 composite?
True
Is 2348504731 a composite number?
True
Is 46510638455 a composite number?
True
Is 225947173 a prime number?
False
Is 152152526033 a prime number?
True
Is 4142512937 a prime number?
True
Is 2221864681 prime?
True
Is 94094542811 a composite number?
True
Is 815319719 composite?
False
Is 158454187 a prime number?
True
Is 25250206721 composite?
False
Is 8224454857 prime?
True
Is 2578057827 prime?
False
Is 47031463 a composite number?
False
Is 106797108139 prime?
True
Is 8209962097 composite?
True
Is 68003059 a composite number?
True
Is 3605847533 composite?
False
Is 2610480531 a prime number?
False
Is 38720571847 a composite number?
False
Is 8174362519 composite?
False
Is 531152269 a prime number?
True
Is 1307667731 prime?
True
Is 726774527 a prime number?
False
Is 182604778 prime?
False
Is 60320534819 prime?
True
Is 152914471 composite?
True
Is 69763982297 prime?
True
Is 2318217337 a composite number?
True
Is 905963063 composite?
False
Is 57145973774 a prime number?
False
Is 1154760961 prime?
True
Is 3656683673 a composite number?
False
Is 5752520429 a prime number?
False
Is 49143544951 a composite number?
True
Is 810048359 prime?
False
Is 76758726353 a composite number?
False
Is 14065612761 a prime number?
False
Is 1104620749 composite?
False
Is 17717660707 composite?
True
Is 90882853 composite?
False
Is 567394229 composite?
False
Is 1140419563 composite?
False
Is 297283033 composite?
False
Is 586275829 a composite number?
True
Is 200732005031 composite?
False
Is 390564221 prime?
True
Is 4078805663 composite?
False
Is 1282283 a composite number?
True
Is 2020793591 prime?
False
Is 88135711819 prime?
True
Is 200211494609 prime?
False
Is 1432991887 composite?
False
Is 998547097 a composite number?
True
Is 359095637 a composite number?
False
Is 51702409783 composite?
False
Is 4419962537 prime?
True
Is 363229457 a prime number?
False
Is 2262875201 a composite number?
False
Is 437393557 prime?
False
Is 803801119 composite?
True
Is 79997968643 a composite number?
False
Is 98099254531 composite?
False
Is 37646627 a prime number?
True
Is 82594077541 a composite number?
False
Is 655384265 a composite number?
True
Is 7929526337 a composite number?
False
Is 10941416797 a prime number?
True
Is 54245207593 prime?
True
Is 18933336497 composite?
False
Is 648328033 a prime number?
True
Is 2222050349 composite?
True
Is 2399277347 a prime number?
False
Is 3449159029 a composite number?
False
Is 32053988581 a composite number?
False
Is 3822994709 composite?
False
Is 16911846631 a composite number?
False
Is 635332949 composite?
False
Is 4891231783 a composite number?
False
Is 10812730007 a prime number?
False
Is 1116140759 composite?
True
Is 110798273561 composite?
False
Is 1415635037 prime?
True
Is 156463107187 prime?
False
Is 11496452173 a prime number?
True
Is 105189341 prime?
True
Is 330524429 a composite number?
False
Is 278345077 prime?
False
Is 223008779 a prime number?
False
Is 144641489 a composite number?
False
Is 494050993 a composite number?
True
Is 3576701099 composite?
False
Is 4372630387 a composite number?
True
Is 9242310955 a prime number?
False
Is 15140869 prime?
True
Is 648976607 a composite number?
True
Is 23645166191 a prime number?
True
Is 4144858351 a prime number?
True
Is 195308147 composite?
False
Is 14091680677 a prime number?
True
Is 1346620477 composite?
False
Is 1157073277 a prime number?
True
Is 28406556161 a composite number?
True
Is 1018410347 prime?
False
Is 896138818 prime?
False
Is 400296731 prime?
False
Is 8834891627 a prime number?
False
Is 5380666433 a composite number?
False
Is 2167122863 composite?
True
Is 5154076309 composite?
False
Is 70984600565 prime?
False
Is 12340654523 composite?
False
Is 6797403874 a prime number?
False
Is 9049483999 a prime number?
False
Is 22137396097 prime?
True
Is 262197619 a composite number?
False
Is 6875943961 a composite number?
False
Is 2425625791 a composite number?
False
Is 1312692547 a composite number?
True
Is 15385272403 prime?
True
Is 279626262485 a prime number?
False
Is 97533274141 prime?
False
Is 1196156249 composite?
False
Is 13872336799 prime?
True
Is 17818827787 composite?
True
Is 1840915793 a prime number?
True
Is 10155938077 composite?
False
Is 1717524769 composite?
True
Is 68431271371 a composite number?
False
Is 1809555409 a prime number?
True
Is 10075492027 prime?
True
Is 8993594063 composite?
False
Is 17704556279 a prime number?
False
Is 126951073741 composite?
False
Is 91312644817 a prime number?
Tru